7 + -2 + -73.
-63
Calculate -8 + -3 - 103 - (-344 - -315).
-85
What is -270 + 272 - (-5 + 3 + 0 - -58)?
-54
What is -144 + -60 + 200 + 0 + -7?
-11
What is the value of -14 + 1 + 25 + -5 + -3 + -16?
-12
Calculate (-25 - (-6 + -12 + 7)) + 16.
2
Calculate 0 - ((-5 - (-16 - (-7 - 5))) + 37).
-36
Calculate 10 + (11 - (7 - (-2 + 18 + -11)) - 15).
4
Evaluate (-12 + (-10 - -9) - (-17 - 7)) + 21.
32
What is 4 - -38 - (-4 + 19)?
27
Calculate 1 - 110 - (681 - 863).
73
What is (4 - -17) + (39 - (24 + 14 + -106))?
128
Evaluate (-192 - -65) + 157 + 16 + 0.
46
(12 - 3 - 10) + 168 + -177
-10
What is the value of 39 + 2 - (-22 - (6 + -18)) - -1?
52
What is the value of 2 + (3 - 10) + -62 + -29 + 41?
-55
Evaluate -16 - ((10 - 46) + 63).
-43
Evaluate 5 + (107 - (-2 + 1 - -3)) + (720 - 727).
103
What is the value of -71 + -24 + 48 + -3 + 1?
-49
What is the value of 32 + (118 - 133 - 124)?
-107
Evaluate -23 - (11 - (4 - (9 - 26))).
-13
What is (-26 - (-3 + 25) - -16) + 20?
-12
What is the value of -35 - (33 + (13 - 61) - (0 + -8))?
-28
Evaluate 18 - (100 - (-90 + 162)).
-10
What is the value of (-20 - (1 + -3)) + (406 - 389) + -86 + 1?
-86
What is (-64 - 2 - (-130 - -142)) + 8?
-70
What is the value of 80 - (7 + -12 + 28 + (-12 - -1))?
68
32 - ((-17 - -15) + 19 + -5)
20
Calculate 1 + (65 - 78) + 87.
75
Calculate 16 - ((-3 - (-20 - -12)) + -8 + -9).
28
What is the value of (21 - (36 + 0 - 8)) + 34?
27
What is the value of -9 - 58 - (-45 + 28 + 21)?
-71
Evaluate -4 - -8 - (27 - (-3 + 5)) - (305 + -307).
-19
What is (40174 - 40102) + ((3 - 1 - 1) + -9 - 2)?
62
Calculate -3 - (-4 + -43) - (-7 + (29 - 9)).
31
(-11 - (1 - (-19 - 32))) + -13
-76
Calculate -3 + (23 - 22) - (10 - 0) - -25.
13
What is -5 + 1 + (4 - 13) + 46 - (12 - 4)?
25
What is the value of 80 - 74 - (3 + 8 + 12)?
-17
What is 0 + 1 + 8 + -1 + (-6 + 77 - 7)?
72
Evaluate 35 + (-13 - (8 + 6 + -11 - 19)).
38
37 + (-4 - 34) - (-1 + (-6 - 1)) - 36
-29
Evaluate (12 - 1) + 37 + -4 + 4 + -13.
35
What is (-76 - 0) + (330 + -371 - (-1 - 52))?
-64
Calculate 26 + (3 - (65 - -1)).
-37
Evaluate -278 + (458 - 184) - (-46 + (-1 - 0)).
43
What is the value of 211 + -94 + -59 + 5?
63
Calculate (4 - 8 - -5 - -4) + (-34 - -8).
-21
(-2 - (-6 - (-4 - 4))) + 15 + -18 - -100
93
Calculate -41 + 679 + -667 + (4 - 0).
-25
What is (2 - 1) + -172 + 161?
-10
29 - ((-79 - -198) + -40)
-50
Calculate -1 - (2 + -19) - (4 + 0 - -83).
-71
Calculate -41 + -30 + 46 + 9.
-16
What is the value of 1 + -1 + -1 - (-23 + -36 + 24 + 40)?
-6
Calculate (-71 - (-161 - 9)) + -68.
31
(0 - -30) + 25 + -23 + (-1 - (-3 - 8))
42
Evaluate -1 - (-5 - -4) - -4 - (-31 + 20).
15
What is the value of 446 - 466 - (-1 - 46)?
27
What is -1004 + 1036 + (-28 - 0) + -58 + (2 - 1)?
-53
(-77 + 89 - (2 - (-8 + 3) - 2)) + -64
-57
What is 24 - 29 - (-12 + -24 - (1 - -1))?
33
Calculate 11 - (18 - (-56 - -34)).
-29
What is the value of 52 + 12 + (4 - 3 - 19)?
46
What is the value of -11 + 8 - 14 - (47 - (-6 + -12))?
-82
What is the value of (12 + -2 - (-61 - -96)) + 54?
29
Evaluate (-43 - 24) + 44 - 27.
-50
What is the value of (-80 - -68) + (11 - (-31 - 4))?
34
What is -18 + 59 - (6 + 13 - (0 + 3))?
25
Calculate (13 - 54 - -77) + 16 - (2 + 1 + -12).
61
What is (-3 - (-2 + -23 + 2)) + -67 + -3 + 56?
6
82 - (-42 + (19 - 57) + 56)
106
Evaluate -12 - (-8 - (-13 - ((-15 - -8) + 14)) - -43).
-67
Calculate 3 - (-10 + 31 + 121 + -1 + -17).
-121
Calculate (58 - 9 - 48) + 11 + 1 - -23.
36
Evaluate 28 + -14 - (69 + 11 + -10 - 9).
-47
Evaluate -2 - (6 + (28 - 18)) - -59.
41
-21 + -50 - (-125 + 119)
-65
-1542 + 1419 - (10 + -30)
-103
What is the value of ((-5 - 5 - -22) + -9 - -29) + (-1 - 6)?
25
Calculate 28 + 68 + -3 + -49.
44
What is 93 + -135 + (-39 - -134)?
53
Calculate 84 + (14 + -9 - (-6 + 6 + -3)).
92
Calculate -1 + 2 + (-2 - -57) + (91 + -95 - -1).
53
What is -8 + ((2 - -11) + -20 - -10) + 4?
-1
Calculate (-101 - (8 + -14 - -13)) + 2 - (49 + -63).
-92
Evaluate -66 - (0 + (19 - 10) - (-31 - -25)).
-81
Calculate (23 - (40 - 22)) + -50 + -6.
-51
33 - ((-15 - -4) + 49)
-5
What is the value of 157 - (276 - 73 - 87)?
41
What is the value of -33 + 119 + (-1 - 12 - (0 - 5))?
78
What is 21 - (5 - (3 + -8)) - ((-7 - -2) + 2)?
14
What is the value of 58 + (-9 + (6 - 5) - (-1 - (3 - 1)))?
53
Calculate (-1 + -31 + -58 - -7) + (0 - 0).
-83
What is the value of (-2112 - -2074) + 0 + 49?
11
46 - ((-23 - -10) + (14 - (27 - (24 - 9))))
57
Calculate (-24 - (14 - (58 - -6))) + -7.
19
Evaluate 1 - -4 - (31 + 50 + -72) - (2 - -24).
-30
-3 - ((56 - 22) + -19)
-18
Evaluate -34 - ((-38 - 32) + 52).
-16
Calculate -7 - (-15 + 33 + -36 + 115).
-104
Calculate -1 - -21 - ((-500 - -521) + (-1 - 48)).
48
Calculate 18 + (-38 - -10 - (11 - 20)) + -79.
-80
What is 183 - 63 - 208 - 35?
-123
What is 46 - -16 - 33 - (-8 + -20)?
57
What is 17 + -21 - (-30 + (-8 - -22))?
12
What is the value of 8 + (0 - (-2 - (-5 - 2))) + (-18 - -8)?
-7
What is the value of 4 + -13 - (96 + -130)?
25
-1 + -1 + -4 + (-38 - (-19 + -52)) - 10
17
What is 13 - (-3 + -73 + 82 + -1 + -16)?
24
-8 - (0 + 2) - (-2464 - -2478)
-24
51 + 0 + -1 + (0 - 15 - (169 + -186))
52
Evaluate 33 - (-9 - -1 - (1 - (23 - 1))).
20
What is the value of 0 + 69 - (7 + -10 + 13 + 11 + -31)?
79
-72 - (-94 - (-25 - -22))
19
Evaluate -102 - ((-2 - (12 + -8)) + (-36 - -25)).
-85
-44 - (36 + -88 + -51)
59
Evaluate (-2 - 147 - (19 + (6 - 17))) + 13 + -1.
-145
136 + (23 - 13 - 21) - 22
103
Evaluate (-1213 - -1265) + 7 + -6 + 1 + -5.
49
Evaluate 27 + -22 - (5 + 3 + 0 - (-84 - -26)).
-61
(-4 - 38 - -46 - (-1 - 25)) + 0
30
What is 12 + 0 + (76 + -81 - (-1 - 9))?
17
Evaluate -6 + (-7 + -48 - -46).
-15
Calculate (-1 - 5 - (-37 + 31)) + -13 + -58.
-71
Evaluate (-58 - (-28 + 34)) + 64.
0
Evaluate -19 + -24 + (-9 - (3 + 24)).
-79
Evaluate (-3 - (-1 - -7)) + (-50 - (-93 + 41)) - -13.
6
Calculate (-37 - (3 + 23)) + 22.
-41
What is the value of 7 + 66 + -55 + 29?
47
What is the value of -12 - (-26 - -45) - (-1 + -7)?
-23
What is -42 - ((-21 - -17) + -17)?
-21
Evaluate 0 + 22 + -2 + -3 + 10 + (4 - 3).
28
What is the value of (26 - (-2 - (0 + -7))) + -6 + -11 + 19?
23
3 + -1 + 6 + -3 - (8 + -154 + 144)
7
What is 27 + -132 + (40 - -2)?
-63
What is the value of -116 + 5 + -5 + (-2 - (-38 + 25)) - -7?
-98
Evaluate -5 - 41 - (-17 + 11).
-40
What is the value of -48 + (152 - 22 - 62)?
20
What is the value of (0 - -2 - -1) + (-1263 - -1187)?
-73
What is the value of 0 - (23 + (15 + -10 - -16))?
-44
What is the value of 17 + -75 + (-13 - -52 - 12)?
-31
Evaluate -69 + 235 - 7 - 70.
89
(-111 - -66) + (10 + 3 - (-1 + 3) - 4)
-38
What is the value of 0 + -5 + (-6 + 5 + -16 - 2) + 73?
49
What is -50 - -67 - (-13 - ((-12 - -23) + -155))?
-114
What is (-2 - (-5 - -4) - (-20 + -3 + 30)) + 66?
58
-79 + (-16 - (-43 + (26 - 10)))
-68
Evaluate -7 + 5 + (-1 - -3 - 4) + 29 - -3.
28
What is the value of 2 + (17 - 32 - -31) + -18 + (-1 - -115)?
114
-9 + 0 + (-1287 - -1238 - (-37 - 0))
-21
What is 64 - 152 - -62 - -75?
49
What is -113 - (20 - 79 - 21)?
-33
Calculate -15 + (-17 + 7 + 7 + 42 - -16).
40
What is 9 - (-14 - -43) - 11 - 46?
-77
22 - (-53 - 8 - -37)
46
What is (11 + (1 + -16 - -13) - 22) + 1 - 36?
-48
What is (-7 - (-7 - -7)) + -27 + -44 - (1 + 8)?
-87
Evaluate -4 + (-27 + (3 - 4) - (-4 - (4 + -18))).
-42
Calculate -11 + (3 - (20 + -26) - (1 - 1)).
-2
Calculate 0 + 44 - (17 + -12 - -16).
23
Calculate 113 - (29 - -73) - (-3 - (3 + -4 + 14)).
27
Calculate -2 + (27 - (-4 - -18)) - (-4 + -66).
81
Calculate (-4 + (-3 - 24) - 19) + -7.
-57
Calculate (13 + (27 - 28) - 77) + 11.
-54
Calculate (-92 - -53) + -12 + -38 + -33.
-122
Calculate (3 - 31) + 7 + -20 + 22 + -1 + 4.
-16
What is (77 - 0) + (36 - 131 - -86)?
68
What is -911 + 858 - (-77 + 0)?
24
-20 - -11 - (-87 + 155 + 50)
-127
Evaluate (11 - 21 - -8) + -7 + -5 + (-6 - 2).
-22
What is the value of 7 - (-126 + 46 + 74)?
13
What is (20 - (-7 + 12 + -36)) + 1?
52
4 + 1 - ((-54 - (-21 + -2)) + 24)
12
-20 + (21 - (-110 + 70))
41
Calculate (-54 - (-3 + 1)) + 27 + -42 + 16.
-51
Evaluate (30 - 2) + (21 - (6 + -18 + 23)) + 5.
43
What is the value of 74 - (21 + 17 + -24 - (4 + 11))?
75
Evaluate 60 + 26 + -39 + 19 - 29.
37
7 - ((21 + -1 - -11) + -18)
-6
What is -88 - -140 - 93 - (13 - 1)?
-53
(-19 - -30) + (-60 - -1) - (13 - 14)
-47
Calculate -9 + 33 + 17 + (8 